{"id":3081,"date":"2020-04-09T22:57:03","date_gmt":"2020-04-09T20:57:03","guid":{"rendered":"http:\/\/damienboschi.com\/photographe-professionnel\/?page_id=3081"},"modified":"2020-04-09T22:57:03","modified_gmt":"2020-04-09T20:57:03","slug":"photographe-industriel-marseille","status":"publish","type":"page","link":"http:\/\/damienboschi.com\/photographe-professionnel\/photographe-industriel-marseille\/","title":{"rendered":"Photographe Industriel Marseille"},"content":{"rendered":"<div id=\"pl-3081\"  class=\"panel-layout\" ><div id=\"pg-3081-0\"  class=\"panel-grid panel-no-style\" ><div id=\"pgc-3081-0-0\"  class=\"panel-grid-cell\" ><div id=\"panel-3081-0-0-0\" class=\"so-panel widget widget_sow-editor panel-first-child panel-last-child\" data-index=\"0\" ><div\n\t\t\t\n\t\t\tclass=\"so-widget-sow-editor so-widget-sow-editor-base\"\n\t\t\t\n\t\t>\n<div class=\"siteorigin-widget-tinymce textwidget\">\n\t<h4 style=\"text-align: center;\"><span style=\"color: #bd0000;\">PHOTOGRAPHE INDUSTRIEL MARSEILLE<\/span><\/h4>\n<hr \/>\n<h6 style=\"text-align: center;\">Damien BOSCHI<\/h6>\n<h5 style=\"text-align: center;\">Photographe Professionnel \u00e0 Marseille \u2014 Photographe Industriel Bouches du Rh\u00f4ne 13<\/h5>\n<hr \/>\n<h6 style=\"text-align: center;\" data-fontsize=\"20\" data-lineheight=\"24px\">Portrait Industriel \u00e0 Marseille \u2013 Reportage photo Industriel \u00e0 Marseille \u2013 Photographie Industrielle \u00e0 Marseille<\/h6>\n<\/div>\n<\/div><\/div><\/div><\/div><div id=\"pg-3081-1\"  class=\"panel-grid panel-no-style\" ><div id=\"pgc-3081-1-0\"  class=\"panel-grid-cell\" ><div id=\"panel-3081-1-0-0\" class=\"so-panel widget widget_sow-editor panel-first-child panel-last-child\" data-index=\"1\" ><div class=\"panel-widget-style panel-widget-style-for-3081-1-0-0\" ><div\n\t\t\t\n\t\t\tclass=\"so-widget-sow-editor so-widget-sow-editor-base\"\n\t\t\t\n\t\t><h3 class=\"widget-title\">Photographe Industriel \u00e0 Marseille<\/h3>\n<div class=\"siteorigin-widget-tinymce textwidget\">\n\t<p>Je coop\u00e8re avec les services <strong>communication<\/strong>\u00a0ou\u00a0<strong>RH<\/strong>\u00a0des entreprises pour\u00a0<strong>mettre en avant vos atouts<\/strong>\u00a0et apporter une\u00a0<strong>vison diff\u00e9rente<\/strong>\u00a0de votre activit\u00e9.<\/p>\n<p>En plus de\u00a0<strong>montrer votre expertise<\/strong>\u00a0et\u00a0<strong>valoriser vos unit\u00e9s de production<\/strong>, la photographie industrielle sert \u00e0\u00a0<strong>illustrer vos diff\u00e9rentes d\u00e9marches<\/strong>\u00a0en terme de qualit\u00e9, s\u00e9curit\u00e9 et\u00a0<strong>environnement<\/strong>.<\/p>\n<p>En tant que photographe Industriel sur Marseille, je dispose de mes propres\u00a0<strong>EPI<\/strong>\u00a0(<em>casque + visi\u00e8re + protection auditive, combinaison, chaussures S3, gants<\/em>), et je m'assure toujours de\u00a0<strong>travailler avec un maximum de s\u00e9curit\u00e9<\/strong>\u00a0en suivant vos consignes pour r\u00e9aliser les\u00a0<strong>meilleurs images<\/strong>\u00a0possible dans les meilleures conditions et d\u00e9lais.<\/p>\n<\/div>\n<\/div><\/div><\/div><\/div><div id=\"pgc-3081-1-1\"  class=\"panel-grid-cell\" ><div id=\"panel-3081-1-1-0\" class=\"so-panel widget widget_sow-slider panel-first-child panel-last-child\" data-index=\"2\" ><div\n\t\t\t\n\t\t\tclass=\"so-widget-sow-slider so-widget-sow-slider-default-6d39609536fd-3081\"\n\t\t\t\n\t\t>\t\t\t\t<div class=\"sow-slider-base\" style=\"display: none\" tabindex=\"0\">\n\t\t\t\t\t<ul\n\t\t\t\t\tclass=\"sow-slider-images\"\n\t\t\t\t\tdata-settings=\"{&quot;pagination&quot;:true,&quot;speed&quot;:800,&quot;timeout&quot;:4000,&quot;paused&quot;:false,&quot;pause_on_hover&quot;:false,&quot;swipe&quot;:true,&quot;nav_always_show_desktop&quot;:&quot;&quot;,&quot;nav_always_show_mobile&quot;:&quot;&quot;,&quot;breakpoint&quot;:&quot;780px&quot;,&quot;unmute&quot;:false,&quot;anchor&quot;:null}\"\n\t\t\t\t\t\t\t\t\t\tdata-anchor-id=\"\"\n\t\t\t\t>\t\t<li class=\"sow-slider-image\" style=\"visibility: visible;\" >\n\t\t\t\t\t\t<img loading=\"lazy\" decoding=\"async\" width=\"750\" height=\"500\" src=\"https:\/\/i0.wp.com\/damienboschi.com\/photographe-professionnel\/wp-content\/uploads\/2014\/11\/photographe-reportage-Industriel-corporate-entreprise-aix-marseille-avignon-provence.jpg?fit=750%2C500\" class=\"sow-slider-background-image\" alt=\"\" style=\"\" srcset=\"https:\/\/i0.wp.com\/damienboschi.com\/photographe-professionnel\/wp-content\/uploads\/2014\/11\/photographe-reportage-Industriel-corporate-entreprise-aix-marseille-avignon-provence.jpg?w=750 750w, https:\/\/i0.wp.com\/damienboschi.com\/photographe-professionnel\/wp-content\/uploads\/2014\/11\/photographe-reportage-Industriel-corporate-entreprise-aix-marseille-avignon-provence.jpg?resize=300%2C200 300w, https:\/\/i0.wp.com\/damienboschi.com\/photographe-professionnel\/wp-content\/uploads\/2014\/11\/photographe-reportage-Industriel-corporate-entreprise-aix-marseille-avignon-provence.jpg?resize=255%2C170 255w, https:\/\/i0.wp.com\/damienboschi.com\/photographe-professionnel\/wp-content\/uploads\/2014\/11\/photographe-reportage-Industriel-corporate-entreprise-aix-marseille-avignon-provence.jpg?resize=167%2C111 167w, https:\/\/i0.wp.com\/damienboschi.com\/photographe-professionnel\/wp-content\/uploads\/2014\/11\/photographe-reportage-Industriel-corporate-entreprise-aix-marseille-avignon-provence.jpg?resize=344%2C229 344w, https:\/\/i0.wp.com\/damienboschi.com\/photographe-professionnel\/wp-content\/uploads\/2014\/11\/photographe-reportage-Industriel-corporate-entreprise-aix-marseille-avignon-provence.jpg?resize=283%2C189 283w, https:\/\/i0.wp.com\/damienboschi.com\/photographe-professionnel\/wp-content\/uploads\/2014\/11\/photographe-reportage-Industriel-corporate-entreprise-aix-marseille-avignon-provence.jpg?resize=685%2C457 685w\" sizes=\"auto, (max-width: 750px) 100vw, 750px\" data-attachment-id=\"1898\" data-permalink=\"http:\/\/damienboschi.com\/photographe-professionnel\/aix-marseille-avignon-provence\/photographe-entreprise-corporate-institutionnel\/photographe-reportage-industriel-corporate-entreprise-aix-marseille-avignon-provence\/\" data-orig-file=\"https:\/\/i0.wp.com\/damienboschi.com\/photographe-professionnel\/wp-content\/uploads\/2014\/11\/photographe-reportage-Industriel-corporate-entreprise-aix-marseille-avignon-provence.jpg?fit=750%2C500\" data-orig-size=\"750,500\" data-comments-opened=\"0\" data-image-meta=\"{&quot;aperture&quot;:&quot;0&quot;,&quot;credit&quot;:&quot;&quot;,&quot;camera&quot;:&quot;&quot;,&quot;caption&quot;:&quot;&quot;,&quot;created_timestamp&quot;:&quot;0&quot;,&quot;copyright&quot;:&quot;&quot;,&quot;focal_length&quot;:&quot;0&quot;,&quot;iso&quot;:&quot;0&quot;,&quot;shutter_speed&quot;:&quot;0&quot;,&quot;title&quot;:&quot;&quot;,&quot;orientation&quot;:&quot;1&quot;}\" data-image-title=\"photographe-reportage-Industriel-corporate-entreprise-aix-marseille-avignon-provence\" data-image-description=\"\" data-image-caption=\"\" data-medium-file=\"https:\/\/i0.wp.com\/damienboschi.com\/photographe-professionnel\/wp-content\/uploads\/2014\/11\/photographe-reportage-Industriel-corporate-entreprise-aix-marseille-avignon-provence.jpg?fit=300%2C200\" data-large-file=\"https:\/\/i0.wp.com\/damienboschi.com\/photographe-professionnel\/wp-content\/uploads\/2014\/11\/photographe-reportage-Industriel-corporate-entreprise-aix-marseille-avignon-provence.jpg?fit=750%2C500\" \/>\t\t<\/li>\n\t\t\t\t<li class=\"sow-slider-image\" style=\"visibility: hidden;\" >\n\t\t\t\t\t\t<img loading=\"lazy\" decoding=\"async\" width=\"750\" height=\"500\" src=\"https:\/\/i0.wp.com\/damienboschi.com\/photographe-professionnel\/wp-content\/uploads\/2020\/04\/photographe-reportage-Industriel-entreprise-aix-marseille-avignon-provence.jpg?fit=750%2C500\" class=\"sow-slider-background-image\" alt=\"\" style=\"\" srcset=\"https:\/\/i0.wp.com\/damienboschi.com\/photographe-professionnel\/wp-content\/uploads\/2020\/04\/photographe-reportage-Industriel-entreprise-aix-marseille-avignon-provence.jpg?w=750 750w, https:\/\/i0.wp.com\/damienboschi.com\/photographe-professionnel\/wp-content\/uploads\/2020\/04\/photographe-reportage-Industriel-entreprise-aix-marseille-avignon-provence.jpg?resize=300%2C200 300w, https:\/\/i0.wp.com\/damienboschi.com\/photographe-professionnel\/wp-content\/uploads\/2020\/04\/photographe-reportage-Industriel-entreprise-aix-marseille-avignon-provence.jpg?resize=255%2C170 255w, https:\/\/i0.wp.com\/damienboschi.com\/photographe-professionnel\/wp-content\/uploads\/2020\/04\/photographe-reportage-Industriel-entreprise-aix-marseille-avignon-provence.jpg?resize=167%2C111 167w, https:\/\/i0.wp.com\/damienboschi.com\/photographe-professionnel\/wp-content\/uploads\/2020\/04\/photographe-reportage-Industriel-entreprise-aix-marseille-avignon-provence.jpg?resize=344%2C229 344w, https:\/\/i0.wp.com\/damienboschi.com\/photographe-professionnel\/wp-content\/uploads\/2020\/04\/photographe-reportage-Industriel-entreprise-aix-marseille-avignon-provence.jpg?resize=283%2C189 283w, https:\/\/i0.wp.com\/damienboschi.com\/photographe-professionnel\/wp-content\/uploads\/2020\/04\/photographe-reportage-Industriel-entreprise-aix-marseille-avignon-provence.jpg?resize=685%2C457 685w\" sizes=\"auto, (max-width: 750px) 100vw, 750px\" data-attachment-id=\"3084\" data-permalink=\"http:\/\/damienboschi.com\/photographe-professionnel\/photographe-industriel-marseille\/photographe-reportage-industriel-entreprise-aix-marseille-avignon-provence\/\" data-orig-file=\"https:\/\/i0.wp.com\/damienboschi.com\/photographe-professionnel\/wp-content\/uploads\/2020\/04\/photographe-reportage-Industriel-entreprise-aix-marseille-avignon-provence.jpg?fit=750%2C500\" data-orig-size=\"750,500\" data-comments-opened=\"0\" data-image-meta=\"{&quot;aperture&quot;:&quot;0&quot;,&quot;credit&quot;:&quot;&quot;,&quot;camera&quot;:&quot;&quot;,&quot;caption&quot;:&quot;&quot;,&quot;created_timestamp&quot;:&quot;0&quot;,&quot;copyright&quot;:&quot;&quot;,&quot;focal_length&quot;:&quot;0&quot;,&quot;iso&quot;:&quot;0&quot;,&quot;shutter_speed&quot;:&quot;0&quot;,&quot;title&quot;:&quot;&quot;,&quot;orientation&quot;:&quot;1&quot;}\" data-image-title=\"photographe-reportage-Industriel-entreprise-aix-marseille-avignon-provence\" data-image-description=\"\" data-image-caption=\"\" data-medium-file=\"https:\/\/i0.wp.com\/damienboschi.com\/photographe-professionnel\/wp-content\/uploads\/2020\/04\/photographe-reportage-Industriel-entreprise-aix-marseille-avignon-provence.jpg?fit=300%2C200\" data-large-file=\"https:\/\/i0.wp.com\/damienboschi.com\/photographe-professionnel\/wp-content\/uploads\/2020\/04\/photographe-reportage-Industriel-entreprise-aix-marseille-avignon-provence.jpg?fit=750%2C500\" \/>\t\t<\/li>\n\t\t\t\t<li class=\"sow-slider-image\" style=\"visibility: hidden;\" >\n\t\t\t\t\t\t<img loading=\"lazy\" decoding=\"async\" width=\"750\" height=\"500\" src=\"https:\/\/i0.wp.com\/damienboschi.com\/photographe-professionnel\/wp-content\/uploads\/2020\/04\/photographe-reportage-Industriel-Institutionnel-entreprise-aix-marseille-avignon-provence.jpg?fit=750%2C500\" class=\"sow-slider-background-image\" alt=\"\" style=\"\" srcset=\"https:\/\/i0.wp.com\/damienboschi.com\/photographe-professionnel\/wp-content\/uploads\/2020\/04\/photographe-reportage-Industriel-Institutionnel-entreprise-aix-marseille-avignon-provence.jpg?w=750 750w, https:\/\/i0.wp.com\/damienboschi.com\/photographe-professionnel\/wp-content\/uploads\/2020\/04\/photographe-reportage-Industriel-Institutionnel-entreprise-aix-marseille-avignon-provence.jpg?resize=300%2C200 300w, https:\/\/i0.wp.com\/damienboschi.com\/photographe-professionnel\/wp-content\/uploads\/2020\/04\/photographe-reportage-Industriel-Institutionnel-entreprise-aix-marseille-avignon-provence.jpg?resize=255%2C170 255w, https:\/\/i0.wp.com\/damienboschi.com\/photographe-professionnel\/wp-content\/uploads\/2020\/04\/photographe-reportage-Industriel-Institutionnel-entreprise-aix-marseille-avignon-provence.jpg?resize=167%2C111 167w, https:\/\/i0.wp.com\/damienboschi.com\/photographe-professionnel\/wp-content\/uploads\/2020\/04\/photographe-reportage-Industriel-Institutionnel-entreprise-aix-marseille-avignon-provence.jpg?resize=344%2C229 344w, https:\/\/i0.wp.com\/damienboschi.com\/photographe-professionnel\/wp-content\/uploads\/2020\/04\/photographe-reportage-Industriel-Institutionnel-entreprise-aix-marseille-avignon-provence.jpg?resize=283%2C189 283w, https:\/\/i0.wp.com\/damienboschi.com\/photographe-professionnel\/wp-content\/uploads\/2020\/04\/photographe-reportage-Industriel-Institutionnel-entreprise-aix-marseille-avignon-provence.jpg?resize=685%2C457 685w\" sizes=\"auto, (max-width: 750px) 100vw, 750px\" data-attachment-id=\"3085\" data-permalink=\"http:\/\/damienboschi.com\/photographe-professionnel\/photographe-industriel-marseille\/photographe-reportage-industriel-institutionnel-entreprise-aix-marseille-avignon-provence\/\" data-orig-file=\"https:\/\/i0.wp.com\/damienboschi.com\/photographe-professionnel\/wp-content\/uploads\/2020\/04\/photographe-reportage-Industriel-Institutionnel-entreprise-aix-marseille-avignon-provence.jpg?fit=750%2C500\" data-orig-size=\"750,500\" data-comments-opened=\"0\" data-image-meta=\"{&quot;aperture&quot;:&quot;0&quot;,&quot;credit&quot;:&quot;&quot;,&quot;camera&quot;:&quot;&quot;,&quot;caption&quot;:&quot;&quot;,&quot;created_timestamp&quot;:&quot;0&quot;,&quot;copyright&quot;:&quot;&quot;,&quot;focal_length&quot;:&quot;0&quot;,&quot;iso&quot;:&quot;0&quot;,&quot;shutter_speed&quot;:&quot;0&quot;,&quot;title&quot;:&quot;&quot;,&quot;orientation&quot;:&quot;1&quot;}\" data-image-title=\"photographe-reportage-Industriel-Institutionnel-entreprise-aix-marseille-avignon-provence\" data-image-description=\"\" data-image-caption=\"\" data-medium-file=\"https:\/\/i0.wp.com\/damienboschi.com\/photographe-professionnel\/wp-content\/uploads\/2020\/04\/photographe-reportage-Industriel-Institutionnel-entreprise-aix-marseille-avignon-provence.jpg?fit=300%2C200\" data-large-file=\"https:\/\/i0.wp.com\/damienboschi.com\/photographe-professionnel\/wp-content\/uploads\/2020\/04\/photographe-reportage-Industriel-Institutionnel-entreprise-aix-marseille-avignon-provence.jpg?fit=750%2C500\" \/>\t\t<\/li>\n\t\t<\/ul>\t\t\t\t<ol class=\"sow-slider-pagination\">\n\t\t\t\t\t\t\t\t\t\t\t<li><a href=\"#\" data-goto=\"0\" aria-label=\"Display slide 1\"><\/a><\/li>\n\t\t\t\t\t\t\t\t\t\t\t<li><a href=\"#\" data-goto=\"1\" aria-label=\"Display slide 2\"><\/a><\/li>\n\t\t\t\t\t\t\t\t\t\t\t<li><a href=\"#\" data-goto=\"2\" aria-label=\"Display slide 3\"><\/a><\/li>\n\t\t\t\t\t\t\t\t\t<\/ol>\n\n\t\t\t\t<div class=\"sow-slide-nav sow-slide-nav-next\">\n\t\t\t\t\t<a href=\"#\" data-goto=\"next\" aria-label=\"Next slide\" data-action=\"next\">\n\t\t\t\t\t\t<em class=\"sow-sld-icon-thin-right\"><\/em>\n\t\t\t\t\t<\/a>\n\t\t\t\t<\/div>\n\n\t\t\t\t<div class=\"sow-slide-nav sow-slide-nav-prev\">\n\t\t\t\t\t<a href=\"#\" data-goto=\"previous\" aria-label=\"Previous slide\" data-action=\"prev\">\n\t\t\t\t\t\t<em class=\"sow-sld-icon-thin-left\"><\/em>\n\t\t\t\t\t<\/a>\n\t\t\t\t<\/div>\n\t\t\t\t<\/div><\/div><\/div><\/div><\/div><div id=\"pg-3081-2\"  class=\"panel-grid panel-no-style\" ><div id=\"pgc-3081-2-0\"  class=\"panel-grid-cell\" ><div id=\"panel-3081-2-0-0\" class=\"so-panel widget widget_sow-editor panel-first-child\" data-index=\"3\" ><div\n\t\t\t\n\t\t\tclass=\"so-widget-sow-editor so-widget-sow-editor-base\"\n\t\t\t\n\t\t><h3 class=\"widget-title\">Sp\u00e9cialis\u00e9 en Portrait et Reportage photo Industriel<\/h3>\n<div class=\"siteorigin-widget-tinymce textwidget\">\n\t<p style=\"text-align: justify;\">Je r\u00e9alise aussi des reportages Institutionnel, Corporate, BTP, Sant\u00e9, M\u00e9tiers, Communication et Publicitaire.<\/p>\n<p style=\"text-align: justify;\">Je travaille principalement sur <strong>Marseille<\/strong>, <strong>Aix-en-Provence<\/strong>, <strong>Avignon, Toulon <\/strong>et je me d\u00e9place partout en <strong>Provence, \u00e9galement <\/strong>sur <strong>Paris<\/strong> et <strong>\u00e0 l'\u00e9tranger<\/strong>.<\/p>\n<p style=\"text-align: justify;\"><strong>A votre \u00e9coute<\/strong> pour vos projets de <strong>reportage photo Corporate <\/strong>\u00e0 Marseille ou ailleurs, n'h\u00e9sitez pas \u00e0 me<strong> laisser un message<\/strong> pour me faire part de votre projet ou fixer un<strong> rendez-vous t\u00e9l\u00e9phonique<\/strong> pr\u00e9alable afin d'en discuter.<\/p>\n<\/div>\n<\/div><\/div><div id=\"panel-3081-2-0-1\" class=\"so-panel widget widget_sow-editor panel-last-child\" data-index=\"4\" ><div\n\t\t\t\n\t\t\tclass=\"so-widget-sow-editor so-widget-sow-editor-base\"\n\t\t\t\n\t\t>\n<div class=\"siteorigin-widget-tinymce textwidget\">\n\t<p style=\"text-align: center;\"><b>N'H\u00c9SITEZ PAS A DEMANDER UN <\/b><a href=\"http:\/\/damienboschi.com\/pro\/infos\/prestations\/demande-de-devis\/\" class=\"su-button su-button-style-soft\" style=\"color:#FFFFFF;background-color:#000000;border-color:#000000;border-radius:6px\" target=\"_self\"><span style=\"color:#FFFFFF;padding:0px 18px;font-size:14px;line-height:28px;border-color:#4d4d4d;border-radius:6px;text-shadow:none\"> DEVIS GRATUIT<\/span><\/a><\/p>\n<\/div>\n<\/div><\/div><\/div><\/div><\/div>","protected":false},"excerpt":{"rendered":"<p>PHOTOGRAPHE INDUSTRIEL MARSEILLE Damien BOSCHI Photographe Professionnel \u00e0 Marseille \u2014 Photographe Industriel Bouches du Rh\u00f4ne 13 Portrait Industriel \u00e0 Marseille \u2013 Reportage photo Industriel \u00e0 Marseille \u2013 Photographie Industrielle \u00e0 &hellip;<\/p>\n","protected":false},"author":1,"featured_media":0,"parent":0,"menu_order":0,"comment_status":"closed","ping_status":"closed","template":"page-full-width.php","meta":{"footnotes":""},"class_list":["post-3081","page","type-page","status-publish","hentry"],"jetpack_shortlink":"https:\/\/wp.me\/P4pUQh-NH","jetpack_sharing_enabled":true,"jetpack-related-posts":[],"_links":{"self":[{"href":"http:\/\/damienboschi.com\/photographe-professionnel\/wp-json\/wp\/v2\/pages\/3081","targetHints":{"allow":["GET"]}}],"collection":[{"href":"http:\/\/damienboschi.com\/photographe-professionnel\/wp-json\/wp\/v2\/pages"}],"about":[{"href":"http:\/\/damienboschi.com\/photographe-professionnel\/wp-json\/wp\/v2\/types\/page"}],"author":[{"embeddable":true,"href":"http:\/\/damienboschi.com\/photographe-professionnel\/wp-json\/wp\/v2\/users\/1"}],"replies":[{"embeddable":true,"href":"http:\/\/damienboschi.com\/photographe-professionnel\/wp-json\/wp\/v2\/comments?post=3081"}],"version-history":[{"count":0,"href":"http:\/\/damienboschi.com\/photographe-professionnel\/wp-json\/wp\/v2\/pages\/3081\/revisions"}],"wp:attachment":[{"href":"http:\/\/damienboschi.com\/photographe-professionnel\/wp-json\/wp\/v2\/media?parent=3081"}],"curies":[{"name":"wp","href":"https:\/\/api.w.org\/{rel}","templated":true}]}}